 base 6?
-1200
31b (base 12) to base 9
555
2034 (base 5) to base 6
1125
-939 (base 15) to base 5
-31304
51 (base 12) to base 7
115
Convert -3651 (base 10) to base 2.
-111001000011
Convert 10101011 (base 2) to base 9.
210
-136a (base 14) to base 16
-d62
-12897 (base 11) to base 14
-69a9
What is 53a (base 11) in base 6?
3000
Convert 2e20 (base 16) to base 2.
10111000100000
-1102110 (base 3) to base 7
-3012
-419 (base 11) to base 5
-4004
What is -124321 (base 6) in base 8?
-26131
Convert -173 (base 10) to base 13.
-104
Convert -5503 (base 6) to base 15.
-593
-57308 (base 10) to base 3
-2220121112
What is ded (base 16) in base 10?
3565
What is 16023 (base 9) in base 4?
2223030
What is 3980 (base 12) in base 6?
50240
Convert 144 (base 10) to base 15.
99
Convert 115365 (base 8) to base 4.
21223311
Convert 592 (base 16) to base 4.
112102
1223220 (base 4) to base 13
319b
-15c (base 15) to base 4
-10320
Convert 188a (base 13) to base 11.
2830
Convert 608 (base 13) to base 15.
482
-85 (base 14) to base 15
-7c
What is 22a (base 13) in base 12?
272
What is 76bc (base 13) in base 12?
96b0
-303133 (base 5) to base 11
-73a3
Convert -1100010010111 (base 2) to base 15.
-1cea
268 (base 14) to base 9
587
545 (base 16) to base 15
5ee
Convert -b73 (base 15) to base 5.
-40313
Convert -2223 (base 6) to base 5.
-4034
315050 (base 7) to base 9
82765
What is -11234 (base 7) in base 5?
-42432
What is 14753 (base 11) in base 3?
1001121222
Convert 3330 (base 13) to base 14.
285b
What is -131331 (base 5) in base 9?
-7135
86b9 (base 15) to base 2
110111101101100
362133 (base 7) to base 12
31b56
-7e (base 15) to base 16
-77
Convert 145 (base 7) to base 10.
82
What is 4211 (base 5) in base 11?
466
Convert 14386 (base 10) to base 13.
6718
What is -24572 (base 8) in base 4?
-2211322
What is -449 (base 13) in base 9?
-1008
-26262 (base 8) to base 6
-124550
What is -1737 (base 10) in base 2?
-11011001001
Convert 340422 (base 6) to base 4.
12333332
ac9 (base 13) to base 16
73f
Convert 131231 (base 4) to base 3.
2121102
What is 11120 (base 6) in base 10?
1560
What is 45c (base 16) in base 4?
101130
-565 (base 8) to base 16
-175
What is d9 (base 15) in base 12?
150
-185 (base 15) to base 11
-299
Convert -254 (base 8) to base 16.
-ac
Convert -64e2 (base 15) to base 4.
-11031302
What is 374 (base 12) in base 13?
310
Convert 1021210 (base 3) to base 11.
784
What is 21222 (base 5) in base 15?
65c
What is -24045 (base 6) in base 16?
-d9d
Convert -76257 (base 8) to base 4.
-13302233
What is 6d7a (base 14) in base 7?
106513
-b00 (base 14) to base 2
-100001101100
-678 (base 15) to base 7
-4160
331 (base 15) to base 13
436
What is -59 (base 15) in base 2?
-1010100
10221112 (base 3) to base 10
2876
What is 174 (base 8) in base 9?
147
-206a (base 11) to base 9
-3672
What is 41c (base 13) in base 16?
2bd
-7137 (base 11) to base 15
-2c1d
Convert -40665 (base 8) to base 15.
-4eb6
Convert e5f (base 16) to base 2.
111001011111
Convert 363 (base 13) to base 11.
495
Convert -394 (base 12) to base 2.
-1000100000
Convert 1d0 (base 14) to base 5.
3003
-619 (base 14) to base 3
-1122102
Convert -589 (base 14) to base 12.
-779
240 (base 6) to base 8
140
-25f8 (base 16) to base 6
-113000
-51260 (base 9) to base 15
-a000
What is 47 (base 11) in base 3?
1220
Convert 101100001101010 (base 2) to base 16.
586a
Convert 233313 (base 5) to base 6.
103423
Convert 110023 (base 4) to base 7.
3523
What is 10102 (base 3) in base 7?
161
Convert -811 (base 10) to base 14.
-41d
Convert -3262 (base 7) to base 12.
-817
cc8 (base 16) to base 9
4435
What is 12 (base 9) in base 2?
1011
8373 (base 12) to base 16
3807
Convert -501 (base 15) to base 2.
-10001100110
Convert -1285 (base 10) to base 6.
-5541
What is -4300 (base 6) in base 11?
-804
11287 (base 10) to base 3
120111001
What is 24 (base 12) in base 11?
26
110100011111 (base 2) to base 4
310133
-4603 (base 10) to base 2
-1000111111011
14232 (base 5) to base 7
3322
What is 27b (base 13) in base 16?
1b8
1166b (base 15) to base 16
d89b
What is 140010 (base 5) in base 4?
1113332
What is -1086 (base 9) in base 7?
-2232
What is 438 (base 10) in base 13?
279
415 (base 16) to base 5
13140
Convert -4761 (base 10) to base 11.
-3639
What is -7270 (base 8) in base 2?
-111010111000
-76a (base 13) to base 5
-20041
What is 11222 (base 3) in base 13?
a4
What is -cd7 (base 14) in base 16?
-9ed
419 (base 10) to base 9
515
-2332232 (base 4) to base 12
-7092
Convert 5242 (base 6) to base 12.
822
What is 1111001000 (base 2) in base 11?
800
Convert 222302 (base 4) to base 5.
41423
Convert 5328 (base 9) to base 8.
7512
Convert 2be (base 16) to base 5.
10302
-408 (base 15) to base 5
-12113
Convert 1292 (base 10) to base 15.
5b2
What is -168b (base 14) in base 12?
-240b
Convert -825 (base 14) to base 11.
-1226
-413 (base 5) to base 3
-11000
12030112 (base 4) to base 15
77b1
What is -1334 (base 5) in base 11?
-18a
Convert -2410323 (base 5) to base 3.
-2020222210
-2122212 (base 4) to base 3
-111120110
-235 (base 15) to base 8
-764
What is -2e91 (base 15) in base 3?
-111202201
What is -164 (base 10) in base 3?
-20002
What is 1103 (base 5) in base 4?
2121
What is -2312131 (base 4) in base 8?
-26635
Convert 9e2d (base 16) to base 8.
117055
Convert 1148 (base 11) to base 7.
4246
Convert -30301 (base 4) to base 8.
-1461
Convert 3810 (base 14) to base 4.
2121112
What is -131 (base 9) in base 7?
-214
1b6 (base 16) to base 9
536
1776 (base 14) to base 12
2538
-14433 (base 7) to base 12
-2389
What is 1800 (base 14) in base 10?
4312
What is 31446 (base 8) in base 6?
140342
What is -10777 (base 9) in base 15?
-21ed
Convert 3a3c (base 16) to base 9.
22404
2132 (base 5) to base 3
101211
What is 12507 (base 8) in base 10?
5447
What is 12010132 (base 4) in base 11?
17752
Convert -19607 (base 10) to base 3.
-222220012
Convert 7000 (base 12) to base 9.
17530
Convert 201222 (base 3) to base 13.
326
-10000000101 (base 2) to base 6
-4433
What is -202313 (base 4) in base 2?
-100010110111
What is -11000100 (base 2) in base 4?
-3010
What is -29a2 (base 13) in base 4?
-1132133
-379 (base 10) to base 3
-112001
Convert 1767 (base 11) to base 12.
1377
What is -12417 (base 8) in base 13?
-25b9
335241 (base 6) to base 13
cc01
412012 (base 5) to base 16
3446
Convert -1101210 (base 3) to base 11.
-848
Convert -13100 (base 4) to base 12.
-328
Convert 316 (base 12) to base 10.
450
What is 1693 (base 15) in base 10?
4863
What is a9 (base 13) in base 6?
351
-1211000 (base 3) to base 12
-923
Convert -10150 (base 7) to base 15.
-b0a
Convert -253515 (base 6) to base 5.
-1212441
114 (base 6) to base 15
31
Convert 21310 (base 5) to base 8.
2657
Convert -10000111100011 (base 2) to base 9.
-12808
ac (base 15) to base 3
20000
Convert 22438 (base 11) to base 5.
2014334
-111002 (base 4) to base 9
-1755
Convert 152b (base 15) to base 14.
1925
Convert a1a (base 16) to base 8.
5032
What is -d2c (base 14) in base 3?
-10112212
33134 (base 5) to base 14
b9c
What is -13041 (base 9) in base 16?
-2251
-1000010110 (base 2) to base 11
-446
What is 331 (base 16) in base 5?
11232
What is -20d (base 14) in base 13?
-252
Convert 6393 (base 11) to base 12.
4a83
-100212110 (base 3) to base 11
-5450
What is -110101101010011 (base 2) in base 6?
-331111
Convert -296 (base 10) to base 3.
-101222
Convert -55 (base 9) to base 11.
-46
b8b (base 15) to base 16
a2e
b20a (base 15) to base 8
111321
-21356 (base 10) to base 11
-15055
What is 11101011010 (base 2) in base 12?
110a
Convert -13341 (base 7) to base 10.
-3606
What is -20032 (base 5) in base 3?
-1201221
What is -1144 (base 16) in base 6?
-32244
Convert -11322330 (base 4) to base 8.
-57274
Convert 112425 (base 6) to base 9.
14228
Convert 110221 (base 4) to base 10.
1321
-93 (base 15) to base 12
-b6
Convert 56 (base 7) to base 14.
2d
-3879 (base 11) to base 4
-1032313
Convert -344230 (base 6) to base 10.
-29466
Convert 35 (base 8) to base 2.
11101
Convert 352 (base 6) to base 8.
214
What is 13b4b (base 13) in base 12?
19556
-324 (base 7) to base 6
-433
What is -676 (base 8) in base 9?
-545
10000101001 (base 2) to base 12
749
What is 1110111111 (base 2) in base 15?
43e
-4410 (base 14) to base 16
-2dfe
What is -348 (base 11) in base 9?
-511
-1011101010101 (base 2) to base 7
-23262
21a3 (base 11) to base 6
2122